h(k) + 3*w(k). What is the units digit of b(20)?
3
Suppose -650 + 2 = -8*v. Let t = -77 + v. Suppose 0 = -4*x - 5*y + 4*y + 415, t*x - 2*y = 406. What is the hundreds digit of x?
1
Let t = 100 - 83. What is the tens digit of ((-5933)/(-6))/t + 3/(-18)?
5
Let s(n) = -n**2 - 8*n - 8. Let g be s(-6). Suppose 0 = g*t - 1414 - 1910. What is the units digit of t?
1
Let b be (15/(-6))/((-6)/29592). Suppose 19*v = 14*v - b. What is the tens digit of (3/9)/(2/v*-3)?
3
Let y = 2876 + -669. What is the units digit of y?
7
What is the units digit of (10 + -10 - 11444)/(-2) + -7?
5
Let j(k) = k**3 - 61*k**2 + 224*k + 113. What is the tens digit of j(60)?
5
Suppose 0 = 3*y - 5*n - 26293, 21894 + 21876 = 5*y + 2*n. What is the hundreds digit of y?
7
Let j(u) = 4*u**2 - 11*u + 1. Let y be j(3). Let h be (3 + (-51)/21)/(y/14). Suppose h*t - 335 = -3*t. What is the tens digit of t?
6
Let t = -236 - -281. Suppose t*n = 52*n - 2534. What is the tens digit of n?
6
Suppose -19 = 2*k - 7. Let n(s) = 1. Let w(x) = 5*x - 22. Let a(q) = 3*n(q) - w(q). What is the tens digit of a(k)?
5
Let d = 31287 + 10956. What is the tens digit of d?
4
Suppose a = -2*p + 28577, 5*a - 71418 = -5*p + 6*a. What is the ten thousands digit of p?
1
Let s be -92 + 3 + -2 - 28/7. Let t = 227 - s. What is the hundreds digit of t?
3
Let s(k) = 362*k**2 + 179*k - 526. What is the tens digit of s(3)?
6
Let a be (-2 - 54/(-4))*-2*-2. What is the units digit of (-69)/a + 6*(-1942)/(-8)?
5
Suppose -159 + 429 = -5*m. Let f(h) = -h**2 + 47*h - 318. Let x be f(25). Let c = m + x. What is the tens digit of c?
7
Let m(q) = 1 - 20*q**2 + 12*q**3 + 2 - 3*q + 22*q**2. Suppose 0 = -0*i + 4*i - 8. What is the units digit of m(i)?
1
Let y(p) = -52 - 8*p + 29*p - 11*p - 6*p. Suppose -3*d = -31 - 35. What is the tens digit of y(d)?
3
Let r(c) = c**3 - 62*c**2 - 33*c + 192. What is the hundreds digit of r(67)?
4
Suppose -211*l = -206*l - 3800. Suppose 5*x + 25 = 0, -4*z - 2*x + 3014 = -l. What is the tens digit of z?
4
Let c(b) = -b**3 + 8*b**2 + 9*b - 8. Let o be c(6). Suppose -121*u = -o*u - 432. Suppose -4*r + 12 + u = 0. What is the units digit of r?
9
Suppose -4*j + 11 + 1 = 0. Suppose -2*o = -3*k + 15, o - 10 = -o - 2*k. Suppose -f = g - 70, o = j*g + 2*f + 3*f - 214. What is the units digit of g?
8
Let l(t) = 5*t**2 - 10*t - 20. Let j(a) = -a**3 - 13*a**2 - 29*a + 4. Let o be j(-10). What is the hundreds digit of l(o)?
2
Let r(j) = 2*j + 49. Let v be -5*(-104)/10 + 0 + 0. What is the units digit of r(v)?
3
Suppose 0 = -5*k + 85 - 35. Suppose -k*z = -z - 5607. What is the tens digit of z?
2
Let i be 3 - (3/27 - ((-16900)/(-90))/(-2)). Let f(u) = -51*u - 3. Let l be f(-5). What is the hundreds digit of (864/l)/(1 + 89/i)?
1
Let h(c) be the third derivative of -5/24*c**4 + 0*c + 1/60*c**5 - 4*c**2 + 0 - 1/3*c**3. What is the tens digit of h(10)?
4
Suppose 5*n = -5*k - 5660, 5*k + n + 3411 = -2245. Let c = -316 - k. What is the tens digit of c?
1
Suppose 0 = 4*d - 20, 0 = 3*t - 2*t + d + 2. Let m(a) = 12*a**2 + 18*a + 73. What is the tens digit of m(t)?
3
Let l = -9 - -26. Let a(v) = 23*v - 115. Let q be a(8). Let k = q - l. What is the tens digit of k?
5
Let b(l) = -l**2 - 6*l - 2. Let k be b(-3). Let o(u) = -2*u**3 + 213*u + 5 + 17*u**2 - u**2 - 209*u - 17. What is the units digit of o(k)?
4
Let k be (-4)/(-14)*9835/5. Let h = 928 - k. What is the units digit of h?
6
Let o(t) be the first derivative of -7*t**2 - t - 29. Let l be o(-5). Let x = 199 - l. What is the hundreds digit of x?
1
Suppose 3*h - 59 = -2*h - 2*w, 4*w + 25 = 3*h. Suppose -8*x + h*x = 4*r - 3022, -2*r - 3*x + 1502 = 0. What is the hundreds digit of r?
7
Let n be 6/33 - (-8302)/77. Let l = 573 + n. What is the units digit of l?
1
Let g(v) = -3*v**2 - 166*v - 105. What is the tens digit of g(-43)?
8
Let q = 67 - 54. Let b = -24 - -12. Let r = q + b. What is the units digit of r?
1
Let a = -580 - 3499. Let x = a - -5797. What is the hundreds digit of x?
7
Let t(w) = -w**3 + 7*w**2 - 3*w - 6. Let m be t(5). Let u = -33 + m. What is the tens digit of (1 - -8) + u + 294?
9
Let q = -74 - -455. Suppose 0 = -2*u, -3*u + q + 265 = 2*g. What is the hundreds digit of g?
3
Let t(r) = 4*r**3 + 7*r**2 + 8*r + 32. Let x(v) = 3*v**3 + 8*v**2 + 8*v + 32. Let g(h) = 2*t(h) - 3*x(h). Let u be g(-10). What is the units digit of 64/u*27/2?
8
Suppose -g - 2*p + 7*p = -67, g = 3*p + 75. Let t = 188 - g. What is the tens digit of t?
0
Suppose 5898100 = 3014*t - 2754*t. What is the tens digit of t?
8
Suppose -u - 20147 = -3*v + 23166, 0 = -4*v - 2*u + 57754. What is the hundreds digit of v?
4
Let m be 6/8 + 408/96. What is the hundreds digit of -3 + (-1281)/(m - 8)?
4
Let u be (-183)/(-18) - 5 - 1/6. Let c(k) = k**3 - 5*k**2 + 4. Let w be c(u). Suppose w*s - 48 = 76. What is the units digit of s?
1
Let l(b) = -68*b**2 - 27*b + 201. Let r(k) = -23*k**2 - 9*k + 67. Let o(g) = -4*l(g) + 11*r(g). What is the hundreds digit of o(-8)?
0
Let c = 16446 - 11616. Suppose -5*r + c = -360. What is the hundreds digit of r?
0
Let l(b) = b**3 + 22*b**2 + 32*b - 11. Let d be l(-17). Let i = 1522 - d. What is the units digit of i?
2
Suppose 4*n = -4*u + 38660, 3*u = 65*n - 60*n + 28995. What is the tens digit of u?
6
Let h = 62 - 57. Suppose -h*s + 20 - 10 = 0. Let l(n) = 7*n - 12. What is the units digit of l(s)?
2
Suppose 217*n = 224*n - 2562. What is the tens digit of n/1 + 4 + (-8)/1?
6
Let x(a) = 4*a - 6. Let p be 72/30 + (4/(-10) - 0). Let s be x(p). What is the units digit of (12*s)/((-3)/(-18)*1)?
4
Suppose 15*j - 3772 = 5948. Suppose 0 = 535*y - 529*y - j. What is the hundreds digit of y?
1
Let v(n) = 382*n - 156. Let o be v(18). What is the hundreds digit of o/11 + 34/374?
6
Let j be (-3)/6 + (380/8 - 2). Suppose -17*n - j = -470. What is the units digit of n?
5
Suppose -5*o = 2*d - 25, 3*d - 2*o = -d - 10. Suppose r = -d*r + 1. What is the tens digit of 112 + (-1)/r*0?
1
Suppose 3*g + y - 34 = 0, 0*y + 4 = 4*y. Let r be 20440/110 - (-2)/g. Let b = -107 + r. What is the tens digit of b?
7
Let d(l) be the first derivative of l**3/3 - 7*l**2/2 + 7*l - 3. Suppose 5*i - 12 = -o + 3, -2*o = 2*i - 30. What is the tens digit of d(o)?
2
Suppose 157 = 10*d + 47. Suppose 29419 = d*g + 6033. What is the hundreds digit of g?
1
Let w(y) = y**3 - 7*y**2 - 20*y + 20. Let h be w(9). What is the units digit of (-1 + 197/h)*8/6?
0
Let q(u) = -u**3 - u + 71. Suppose 0 = 15*a - 5*a - 20. Let m be -2 + a + 4 + -3 + -1. What is the tens digit of q(m)?
7
Let f(k) = -1077*k - 515. What is the thousands digit of f(-54)?
7
Suppose -c - 6*p = -9*p - 1754, 4*c - p = 7060. Let u = c + -1233. What is the hundreds digit of u?
5
Let o(r) = 78*r - 57. Let q be o(11). Let m = q + -106. What is the units digit of m?
5
Let q be (4 + (-1 - 4))*3. Let l be 10/q*(-24)/40. Suppose -l*a = 5*r - 236, 2*r + 0*r + a - 94 = 0. What is the tens digit of r?
4
Let s be (-9 + 5)/(2/(-3)). Suppose s*q - 511 = 509. What is the hundreds digit of q?
1
Suppose -5*q + 74329 = 4*f, 3*f - 2*f - 193246 = -13*q. What is the units digit of q?
5
Let x(d) = -d**3 + 9*d**2 - 2*d + 20. Let f be x(9). Suppose 4*r + 4*u - 16 = 0, -f*r + u + 18 = 7. Suppose -11*p = -r*p - 384. What is the units digit of p?
4
Let y be (-87)/6 - (45/(-6) + 5). What is the hundreds digit of (6050/30 + y)*(0 + 3)?
5
Let d = -66 + 66. Suppose -2*z - 4*r = -d*z - 42, -65 = -5*z - 2*r. Suppose -6*k + z*k - 355 = 0. What is the units digit of k?
1
Let z = 18839 - 13151. What is the hundreds digit of z?
6
Suppose -9496 - 5448 = -16*f. Let c = -465 + f. What is the tens digit of c?
6
Let d(f) = -14*f**2 + 228 - 2*f - 19*f**2 - 27*f**2 + 61*f**2. What is the units digit of d(0)?
8
Suppose c - 2296 = -s, -488*s - 2*c - 4604 = -490*s. What is the tens digit of s?
9
Suppose 36 = 3*x + 45, -5*x = -5*z - 14625. Let d = -1891 - z. What is the hundreds digit of d?
0
What is the units digit of ((-6224)/(-6))/(128/192)?
6
Let o(q) = -q**3 + 11*q**2 - 7*q - 19. Let r(f) = 2*f - 6. Let y be r(9). Let t be o(y). Let k = 7 - t. What is the tens digit of k?
5
Let y = 31103 + -25179. What is the hundreds digit of y?
9
Suppose -16*r + 11*r = -20. Suppose 1812 = 3*u + 2*u - a, -r*a = 5*u - 1802. What is the units digit of u?
2
Suppose -t - r = -6650, -r - 26620 = -t - 3*t. Wh